(base 10) to base 16
9
Convert 3 (base 5) to base 15.
3
What is 1001 (base 4) in base 15?
45
-b (base 15) to base 10
-11
-10100 (base 2) to base 4
-110
133 (base 11) to base 3
12211
What is -8 (base 11) in base 16?
-8
Convert -21 (base 14) to base 10.
-29
2 (base 13) to base 14
2
-2 (base 3) to base 12
-2
What is 2 (base 8) in base 14?
2
-6 (base 10) to base 2
-110
Convert 15 (base 11) to base 9.
17
Convert -6 (base 7) to base 15.
-6
What is 0 (base 12) in base 4?
0
What is 51 (base 7) in base 11?
33
1010011 (base 2) to base 9
102
What is -5a (base 13) in base 6?
-203
What is 2 (base 16) in base 7?
2
122 (base 3) to base 16
11
Convert 13 (base 5) to base 6.
12
What is -312 (base 4) in base 11?
-4a
-11 (base 7) to base 14
-8
What is 101 (base 2) in base 12?
5
Convert -4 (base 13) to base 15.
-4
Convert 10 (base 4) to base 3.
11
Convert 106 (base 13) to base 6.
451
Convert 23 (base 12) to base 5.
102
Convert 9 (base 12) to base 14.
9
Convert 12 (base 14) to base 9.
17
-122 (base 10) to base 7
-233
Convert -17 (base 15) to base 6.
-34
26 (base 14) to base 7
46
Convert -3 (base 16) to base 4.
-3
What is -5 (base 7) in base 8?
-5
Convert -1 (base 9) to base 7.
-1
What is 7 (base 12) in base 7?
10
What is -28 (base 13) in base 12?
-2a
Convert -10 (base 2) to base 10.
-2
-7 (base 14) to base 7
-10
-11101 (base 2) to base 8
-35
6 (base 10) to base 5
11
-134 (base 6) to base 15
-3d
0 (base 15) to base 11
0
Convert 40 (base 7) to base 11.
26
-177 (base 8) to base 2
-1111111
2 (base 10) to base 11
2
-2 (base 10) to base 5
-2
Convert -254 (base 10) to base 13.
-167
Convert 54 (base 7) to base 12.
33
What is 20 (base 8) in base 14?
12
0 (base 2) to base 14
0
0 (base 10) to base 5
0
21 (base 5) to base 12
b
Convert -23 (base 14) to base 12.
-27
Convert 1011 (base 2) to base 10.
11
3 (base 7) to base 12
3
What is -10 (base 3) in base 16?
-3
What is 4 (base 9) in base 14?
4
What is -22 (base 13) in base 3?
-1001
What is -2222 (base 3) in base 6?
-212
Convert -5 (base 10) to base 13.
-5
What is 0 (base 10) in base 8?
0
11 (base 14) to base 9
16
-4 (base 8) to base 3
-11
Convert 9 (base 14) to base 15.
9
What is -36 (base 16) in base 13?
-42
0 (base 11) to base 10
0
What is 2 (base 12) in base 2?
10
-1110 (base 2) to base 12
-12
What is 15 (base 12) in base 7?
23
10 (base 2) to base 8
2
10011 (base 2) to base 8
23
What is -30 (base 13) in base 5?
-124
Convert -8 (base 12) to base 11.
-8
Convert 51 (base 9) to base 6.
114
What is -1411 (base 5) in base 14?
-127
Convert 6 (base 7) to base 10.
6
-a4 (base 15) to base 10
-154
-17 (base 10) to base 14
-13
0 (base 4) to base 10
0
What is 1 (base 7) in base 15?
1
What is 0 (base 15) in base 5?
0
-11 (base 4) to base 14
-5
Convert 12 (base 11) to base 14.
d
What is 2 (base 10) in base 4?
2
Convert 103 (base 5) to base 12.
24
Convert 40 (base 9) to base 16.
24
What is 3 (base 4) in base 2?
11
Convert 0 (base 3) to base 16.
0
5 (base 7) to base 16
5
Convert 165 (base 8) to base 4.
1311
1 (base 13) to base 4
1
-18 (base 11) to base 7
-25
-314 (base 6) to base 8
-166
Convert 3 (base 5) to base 10.
3
2 (base 15) to base 11
2
-235 (base 7) to base 6
-324
16 (base 13) to base 4
103
Convert -10 (base 16) to base 9.
-17
23 (base 13) to base 14
21
What is 22 (base 4) in base 2?
1010
Convert -5 (base 12) to base 13.
-5
Convert -29 (base 11) to base 4.
-133
What is -13 (base 4) in base 11?
-7
16 (base 7) to base 8
15
0 (base 12) to base 15
0
8 (base 13) to base 12
8
Convert -100 (base 2) to base 9.
-4
-119 (base 11) to base 5
-1031
-2 (base 15) to base 10
-2
-1 (base 10) to base 16
-1
Convert 4 (base 14) to base 16.
4
What is -44 (base 5) in base 10?
-24
Convert 100 (base 2) to base 13.
4
What is 3 (base 11) in base 10?
3
What is 22 (base 3) in base 8?
10
-332 (base 8) to base 3
-22002
Convert 5 (base 13) to base 15.
5
What is -131 (base 5) in base 13?
-32
Convert 1 (base 9) to base 10.
1
Convert 106 (base 14) to base 12.
14a
Convert -8 (base 9) to base 15.
-8
0 (base 3) to base 2
0
-302 (base 5) to base 12
-65
Convert 444 (base 7) to base 14.
124
-7 (base 8) to base 12
-7
What is 10 (base 4) in base 8?
4
What is 0 (base 14) in base 8?
0
6 (base 16) to base 15
6
-3 (base 14) to base 9
-3
-1 (base 3) to base 14
-1
-7 (base 9) to base 6
-11
63 (base 10) to base 12
53
What is 12 (base 15) in base 12?
15
d (base 15) to base 10
13
3221 (base 4) to base 7
452
Convert -69 (base 10) to base 8.
-105
-4 (base 5) to base 16
-4
What is -6 (base 16) in base 4?
-12
-30 (base 5) to base 11
-14
Convert -14 (base 13) to base 7.
-23
Convert 3 (base 16) to base 7.
3
-c (base 15) to base 10
-12
What is -15 (base 15) in base 12?
-18
What is 213 (base 8) in base 11?
117
What is -3 (base 8) in base 2?
-11
Convert -11 (base 12) to base 13.
-10
1 (base 11) to base 9
1
What is -3 (base 9) in base 13?
-3
Convert 1 (base 14) to base 4.
1
3 (base 6) to base 14
3
-22 (base 11) to base 12
-20
-100 (base 2) to base 8
-4
22 (base 11) to base 16
18
What is 14a (base 11) in base 3?
20111
Convert 3 (base 12) to base 9.
3
What is -16 (base 11) in base 13?
-14
Convert 3 (base 10) to base 2.
11
100010 (base 2) to base 12
2a
3 (base 9) to base 13
3
Convert 65 (base 12) to base 11.
70
What is -76 (base 15) in base 7?
-216
What is -100 (base 2) in base 4?
-10
131 (base 5) to base 16
29
What is 5 (base 11) in base 8?
5
-b1 (base 16) to base 14
-c9
-a (base 11) to base 3
-101
-4 (base 11) to base 3
-11
-100 (base 2) to base 13
-4
0 (base 2) to base 16
0
What is 272 (base 8) in base 15?
c6
What is 12 (base 3) in base 14?
5
What is -a0 (base 12) in base 8?
-170
73 (base 10) to base 3
2201
What is 0 (base 2) in base 7?
0
Convert 198 (base 13) to base 10.
294
Convert -1a (base 14) to base 8.
-30
1 (base 14) to base 4
1
-17 (base 16) to base 7
-32
What is -120 (base 4) in base 9?
-26
Convert -43 (base 7) to base 2.
-11111
Convert 7b (base 12) to base 4.
1133
Convert 123 (base 5) to base 9.
42
1a (base 13) to base 12
1b
422 (base 6) to base 12
112
Convert 1 (base 14) to base 10.
1
What is -1 (base 2) in base 15?
-1
-134 (base 15) to base 14
-158
What is 100 (base 2) in base 10?
4
What is -1 (base 8) in base 4?
-1
What is 5 (base 8) in base 12?
5
3 (base 4) to base 14
3
-10 (base 12) to base 5
-22
-31 (base 12) to base 16
-25
-6 (base 14) to base 3
-20
What is 1 (base 7) in base 3?
1
Convert 37 (base 14) to base 5.
144
What is -16 (base 8) in base 12?
-12
What is -4 (base 10) in base 2?
-100
Convert -45 (base 12) to base 5.
-203
-9 (base 10) to base 5
-14
What is -17 (base 10) in base 11?
-16
What is -5 (base 6) in base 10?
-5
Convert 12 (base 7) to base 5.
14
-6 (base 7) to base 10
-6
What is -88 (base 16) in base 10?
-136
Convert -6 (base 8) to base 12.
-6
Convert -3 (base 4) to base 3.
-10
Convert -144 (base 12) to base 2.
-11000100
1 (base 15) to base 13
1
What is 56 (base 16) in base 10?
86
Convert 1 (base 2) to base 4.
1
Convert 1100 (base 2) to base 15.
c
Convert 2 (base 13) to base 12.
2
-1 (base 10) to base 6
-1
What is -3 (base 4) in base 10?
-3
5 (base 16) to base 15
5
Convert b8 (base 13) to base 3.
12121
Convert -1 (base 10) to base 7.
-1
-353 (base 7) to base 2
-10111001
What is 10101101 (base 2) in base 11?
148
Convert 12 (base 16) to base 10.
18
-33 (base 6) to base 14
-17
Convert -2 (base 9) to base 16.
-2
Convert 5 (base 9) to base 5.
10
4 (base 10) to base 14
4
-1 (base 11) to base 16
-1
What is -46 (base 9) in base 10?
-42
-10111 (base 2) to base 12
-1b
What is 31 (base 4) in base 3?
111
What is 15 (base 6) in base 9?
12
-332 (base 7) to base 5
-1140
Convert 191 (base 11) to base 8.
335
-3 (base 8) to base 11
-3
What is -7 (base 11) in base 4?
-13
10010 (base 3) to base 2
1010100
What is -1 (base 16) in base 15?
-1
323 (base 6) to base 2
1111011
Convert 100 (base 3) to base 15.
9
Convert -102 (base 4) to base 10.
-18
What is 56 (base 10) in base 12?
48
What is 14 (base 7) in base 10?
11
Convert -10220 (base 3) to base 6.
-253
-27 (base 16) to base 12
-33
What is -11 (base 2) in base 3?
-10
0 (base 11) to base 5
0
-c (base 16) to base 7
-15
Convert -3 (base 10) to base 3.
-10
Convert -3 (base 8) to base 15.
-3
What is -3 (base 5) in base 4?
-3
5c (base 13) to base 6
205
What is 110 (base 4) in base 15?
15
-102 (base 3) to base 7
-14
15 (base 8) to base 14
d